2 + -28. Let v = o - 62. Calculate the greatest common divisor of v and 66.
22
Let m = 11 - 5. Suppose m*x - 4 = 5*x. Suppose 0 = -q - f + 12, -x*f - 3 = 5. Calculate the highest common divisor of 42 and q.
14
Let s be (2 - 12/(-8))*40. Suppose -15*n = -537 - 303. What is the greatest common factor of s and n?
28
Suppose -36 = 5*q + 64. Let z be (-475)/q - 2/(-8). Let d(g) = -4*g**3 - 7*g**2 - 3*g + 6. Let j be d(-3). What is the greatest common divisor of j and z?
12
Let j = 2160 + -1887. What is the greatest common factor of 1456 and j?
91
Suppose -18*g = -119 - 367. Let q(c) = c**2 - 9. Let s be q(-7). Let l = s + -22. Calculate the greatest common divisor of l and g.
9
Suppose -6*i + 270 = -i. Let v = -26 + 24. Let m be v/(-8) - 646/(-8). Calculate the highest common factor of i and m.
27
Suppose 5*i + 1 = 2*n + 7, -2*i + 4*n - 4 = 0. Suppose -2*v + v + 1 = 0, 12 = q - i*v. Calculate the greatest common factor of q and 154.
14
Let v be (2 + 0 + 14)*(-6 + 12). Calculate the highest common divisor of v and 6.
6
Let m be (-396)/24*(-1 + (-10)/6). Calculate the highest common factor of m and 33.
11
Let j be (-5)/((2/(-3))/(624/72)). Suppose 5 = -4*a + 45. Let x = a - -16. What is the greatest common divisor of j and x?
13
Suppose -6*a = -11*a + 5670. Suppose -10*x + x = -a. Calculate the highest common divisor of x and 28.
14
Let c be (2/(-4))/((-1)/10). Suppose c = n - 2. Let y(a) = 3*a**2 + 94*a - 116. Let b be y(-33). Calculate the highest common divisor of b and n.
7
Let d be 3*(2 + -1) + 2 + -2. Let u(q) = q + 10. Let y be u(d). Suppose 3*t = 3, -h + 3*t + 77 + 11 = 0. What is the highest common divisor of h and y?
13
Let o be 1 + 13 - (-8)/(-2). Let c be ((-256)/o)/(4/(-20)). Calculate the highest common divisor of 16 and c.
16
Let t(y) = y + 5. Let k be t(7). Suppose 8*d - 35 - 13 = 0. Let s(x) = x**3 - 4*x**2 - 2*x. Let g be s(d). What is the greatest common factor of k and g?
12
Suppose 4*h - 4*y = 6 + 2, 0 = -5*h - 2*y + 10. Let d = 4 - 4. Suppose -4*m = -16, 5*a - 3*a - 2*m + 6 = d. Calculate the highest common divisor of a and h.
1
Let c(y) = 2*y**3 - 5*y**2 - 2*y + 4. Let k be c(4). Let p(d) = d**3 - 20*d**2 - d + 24. Let n be p(20). What is the highest common factor of k and n?
4
Let n = 84 + -74. Calculate the highest common factor of n and 50.
10
Suppose 4*l + 20 = 0, -4*h + l + 136 = -3*l. Suppose 3578 = 10*o + 678. What is the highest common factor of o and h?
29
Let d be (-1)/(-8) + (-25)/8. Let n be 9/((-3)/5700*d). Let j be n/42 + (-2)/(-7). What is the highest common factor of 17 and j?
17
Let y = -9 + 7. Let u be y/8 - 1281/(-84). Let i = 12 - -33. What is the greatest common factor of i and u?
15
Let h(k) = -5*k**3 - 3*k**2 - 6*k + 3. Let m be h(-5). Let y be -3 + 7 + 1 + 48. What is the greatest common factor of m and y?
53
Suppose -5*j = -i + 54, 2*j = j - 5. Calculate the greatest common divisor of i and 319.
29
Suppose 93*r = 100*r - 77. What is the highest common factor of 187 and r?
11
Let h = 199 + -97. What is the greatest common divisor of h and 34?
34
Suppose -7*x - 186 = -543. Let u = 59 - x. Calculate the highest common divisor of 8 and u.
8
Let t be (-4)/(-26) + 835/65. Let n = -28 - -52. Suppose 0 = 2*f - 2 - n. Calculate the greatest common divisor of t and f.
13
Let i = 64 + -40. Suppose -3*o - 2*v + 33 = 5, -2*o + v + 28 = 0. Let z = i - o. Calculate the greatest common factor of 108 and z.
12
Let x be (-706)/(-8) + 1/(-4). Let y(u) = u**3 + 5*u**2 - 7*u + 2. Let r be y(-6). Calculate the greatest common factor of r and x.
8
Let w = -2135 + 2487. What is the highest common divisor of 33 and w?
11
Let s = 181 + 226. Calculate the highest common divisor of s and 111.
37
Let k = 7072 - 7044. Suppose 558 = 5*v + 2*w, -v + 4*w - 4 = -120. What is the highest common divisor of v and k?
28
Let r(f) = 2*f - 2. Let g be r(1). Let j(h) = -2*h**2 - 2*h + 204. Let y be j(g). Calculate the highest common divisor of y and 12.
12
Suppose 54 = 3*i + 9. Let o(t) be the first derivative of t**2/2 + 5*t - 2. Let x be o(10). What is the greatest common factor of x and i?
15
Suppose -11*k + 411 = -293. Calculate the highest common factor of k and 4.
4
Let g be (9/6)/(9/(-96)). Let m be (3/6 - 0)*g. Let b be ((-2)/(-5))/(m/(-80)). What is the greatest common divisor of 8 and b?
4
Suppose 4*t + 4164 - 4388 = 0. Calculate the greatest common divisor of t and 896.
56
Suppose 5*j = -3*m + 201, 2*m + 3*j + 81 = 3*m. What is the highest common divisor of m and 90?
18
Suppose 3*u + 34 - 13 = 0. Let g = -1 - u. What is the highest common divisor of g and 4?
2
Let p(b) = b - 1. Let r be p(4). Let d = 434 - 419. Calculate the greatest common divisor of r and d.
3
Let h(d) be the first derivative of -5*d**2/2 - 12*d - 5. Let p be h(-6). What is the greatest common factor of 2 and p?
2
Let r(q) be the first derivative of 8*q - q**2 + 1/3*q**3 - 13. Let s be r(6). Calculate the greatest common divisor of s and 16.
16
Suppose -a - 290 = -3*a + 5*p, -4*a + 598 = -p. Let y = a + -108. What is the greatest common divisor of y and 63?
21
Let y be (0*1/(-2))/1. Suppose y = -s + 2*s - g - 40, g + 172 = 4*s. Calculate the highest common divisor of s and 33.
11
Suppose -2*w = -0*p + 5*p - 400, 3*w + 3*p = 618. Let o(v) = -v**2 + 16*v - 6. Let c be o(12). What is the highest common divisor of w and c?
42
Suppose 3*n - 4*s = 18, 3*n + 5*s + 3 = 21. Suppose 7*o - n*o - 33 = 0. Suppose 8*z - 913 - 1463 = 0. What is the highest common factor of o and z?
33
Let g be 170*(24/6)/4. Calculate the greatest common divisor of 90 and g.
10
Let d(y) = 13*y - 1. Suppose -3*p - 3*l = 9, 6*p - 3*p + l = -1. Let h be d(p). Calculate the highest common divisor of h and 36.
12
Let m be ((-3)/(-12) - 0) + (-639)/(-4). Suppose -9*a + m = -7*a. Let b be (-178)/(-9) + 8/36. Calculate the highest common factor of b and a.
20
Let n be (-3 + 9)/(-2) - (41 + 5). Let f = 76 + n. Calculate the highest common divisor of f and 3.
3
Suppose 2*j = -r + 44, -j = 2*j + 3*r - 69. Let q = -16 + 75. Let h = q + -38. Calculate the greatest common divisor of h and j.
21
Suppose -5*a = -2*j + 99, -3*j + 2*a - 5*a = -96. Let x be (-22)/33*30/(-5)*-2. Let o = j - x. Calculate the highest common divisor of o and 30.
15
Let v(z) be the second derivative of z**4/4 - 5*z**3/3 + 2*z**2 - 5*z. Let s be v(7). Suppose 1 = 5*u - 44. Calculate the greatest common divisor of s and u.
9
Suppose -3*p = -0*p - 36. Let n be (1 + (-4)/p)/(2/48). What is the greatest common divisor of n and 16?
16
Let x be (-4)/(-16)*4*(-3410)/(-10). What is the highest common divisor of x and 11?
11
Suppose -3*i - 11 - 1 = 0. Let g be i/5 + (-49)/(-5). Calculate the greatest common divisor of g and 81.
9
Let q(u) = -u**2 - 9*u - 5. Let g be q(-8). Let i = g - -9. What is the greatest common divisor of i and 192?
12
Let z = 26 + -22. Let g = 32 + z. Calculate the highest common divisor of g and 24.
12
Suppose 68*s + 38 = 67*s. Let a = s - -81. Calculate the highest common factor of 387 and a.
43
Let a = -118 - -125. Let s(z) = z**3 - 10*z**2 - z + 12. Let h be s(10). Calculate the highest common divisor of a and h.
1
Suppose 0 = -3*t - 5*z + 123, -4*t + 2*z + 184 = -6. Let i = 54 - t. Calculate the greatest common divisor of 24 and i.
8
Let n(h) = h + 17. Let r = -49 + 46. Let w be n(r). Suppose -3*d = -40 - 23. Calculate the greatest common divisor of d and w.
7
Let h = 1155 - 1132. Calculate the highest common divisor of 13 and h.
1
Let f be (35/(-70))/((-2)/(-172)*-1). Suppose -4*x + f = 4*u - 21, -u = 5*x. What is the greatest common divisor of 80 and u?
20
Let s = -31 - -46. Suppose -20 = -4*d + 3*d. Suppose 0 = 3*g - 4*x - 26, 4*g + 0 = -2*x + d. Calculate the greatest common divisor of g and s.
3
Let h be ((-6)/(-7))/((-42)/(-196)) + 9. Calculate the greatest common divisor of h and 3029.
13
Suppose 3*p - 10 - 2 = -3*q, 5*p + 2*q = 23. Suppose p*g = 3*g - 102. Let t = g - -101. Calculate the highest common factor of t and 20.
10
Suppose -5*o = -2*i + 1354, 4*o + 230 + 3138 = 5*i. What is the greatest common divisor of 56 and i?
56
Let d(i) = 153*i - 3. Let m(q) = 76*q - 2. Let n(y) = -3*d(y) + 5*m(y). Let z be n(-1). What is the greatest common factor of 52 and z?
26
Let f = 471 + -432. Calculate the highest co